{"id":251,"date":"2023-12-03T14:29:25","date_gmt":"2023-12-03T19:29:25","guid":{"rendered":"https:\/\/revistaidentidad.unheval.edu.pe\/?page_id=251"},"modified":"2023-12-20T16:33:54","modified_gmt":"2023-12-20T21:33:54","slug":"alcance","status":"publish","type":"page","link":"https:\/\/revistaidentidad.unheval.edu.pe\/index.php\/revista-identidad\/alcance\/","title":{"rendered":"Alcance"},"content":{"rendered":"\n<p><b><i>Revista Identidad<\/i><\/b> publica art\u00edculos principalmente sobre Filosof\u00eda, Literatura, Educaci\u00f3n y temas relacionados.<\/p>\n\n\n\n<p>Preservaci\u00f3n<\/p>\n\n\n\n<p><b><i>Revista Identidad<\/i><\/b> es parte de la red de preservaci\u00f3n de PKP.<\/p>\n","protected":false},"excerpt":{"rendered":"<p>Revista Identidad publica art\u00edculos principalmente sobre Filosof\u00eda, Literatura, Educaci\u00f3n y temas relacionados. Preservaci\u00f3n Revista Identidad es parte de la red de preservaci\u00f3n de PKP.<\/p>\n","protected":false},"author":1,"featured_media":0,"parent":6,"menu_order":1,"comment_status":"closed","ping_status":"closed","template":"","meta":{"footnotes":""},"class_list":["post-251","page","type-page","status-publish","hentry"],"_links":{"self":[{"href":"https:\/\/revistaidentidad.unheval.edu.pe\/index.php\/wp-json\/wp\/v2\/pages\/251","targetHints":{"allow":["GET"]}}],"collection":[{"href":"https:\/\/revistaidentidad.unheval.edu.pe\/index.php\/wp-json\/wp\/v2\/pages"}],"about":[{"href":"https:\/\/revistaidentidad.unheval.edu.pe\/index.php\/wp-json\/wp\/v2\/types\/page"}],"author":[{"embeddable":true,"href":"https:\/\/revistaidentidad.unheval.edu.pe\/index.php\/wp-json\/wp\/v2\/users\/1"}],"replies":[{"embeddable":true,"href":"https:\/\/revistaidentidad.unheval.edu.pe\/index.php\/wp-json\/wp\/v2\/comments?post=251"}],"version-history":[{"count":2,"href":"https:\/\/revistaidentidad.unheval.edu.pe\/index.php\/wp-json\/wp\/v2\/pages\/251\/revisions"}],"predecessor-version":[{"id":406,"href":"https:\/\/revistaidentidad.unheval.edu.pe\/index.php\/wp-json\/wp\/v2\/pages\/251\/revisions\/406"}],"up":[{"embeddable":true,"href":"https:\/\/revistaidentidad.unheval.edu.pe\/index.php\/wp-json\/wp\/v2\/pages\/6"}],"wp:attachment":[{"href":"https:\/\/revistaidentidad.unheval.edu.pe\/index.php\/wp-json\/wp\/v2\/media?parent=251"}],"curies":[{"name":"wp","href":"https:\/\/api.w.org\/{rel}","templated":true}]}}